composite?
False
Is 40546381 a composite number?
False
Is 2371369543 a prime number?
True
Is 1456939147 a composite number?
True
Is 121792626499 a prime number?
False
Is 6385071593 a composite number?
True
Is 122199611699 a composite number?
True
Is 1902908939 a prime number?
True
Is 1078717729 composite?
False
Is 218933441 a composite number?
True
Is 2920392217 composite?
False
Is 596120299 composite?
True
Is 445716571 prime?
True
Is 704646619 prime?
True
Is 15642961843 a composite number?
False
Is 2920663363 a composite number?
False
Is 34737200791 composite?
False
Is 530416721 a composite number?
True
Is 2917368989 a prime number?
True
Is 739111441 a composite number?
True
Is 13300338553 composite?
True
Is 86428878383 composite?
True
Is 6618781501 prime?
True
Is 138436372339 a prime number?
True
Is 5440789763 prime?
True
Is 1633544411 a prime number?
False
Is 636841553 a prime number?
True
Is 281629841 prime?
True
Is 24009541 prime?
True
Is 36331797683 composite?
True
Is 29563740611 a prime number?
False
Is 345424421 a composite number?
False
Is 1135250663 prime?
False
Is 39216701 a composite number?
False
Is 669911369 a composite number?
False
Is 176675698 a composite number?
True
Is 570033821 prime?
False
Is 113380340774 prime?
False
Is 1268842253 composite?
True
Is 1149682649 composite?
False
Is 1490552135 prime?
False
Is 33068500573 prime?
False
Is 21636749573 prime?
True
Is 2765231011 composite?
True
Is 1505963489 composite?
True
Is 13187376887 prime?
True
Is 57295148017 a prime number?
True
Is 11070046997 composite?
False
Is 345175031 a composite number?
False
Is 748211437 composite?
False
Is 184448603 composite?
True
Is 1370762693 a prime number?
False
Is 19213597253 prime?
True
Is 129844846 prime?
False
Is 5495749499 a composite number?
True
Is 1994811743 composite?
True
Is 113297395 a prime number?
False
Is 2169978047 a composite number?
False
Is 1036647653 a prime number?
True
Is 18130994953 a composite number?
False
Is 32736696481 prime?
False
Is 75891358927 a prime number?
False
Is 907824163 composite?
False
Is 11696389469 a composite number?
True
Is 7012095509 a prime number?
True
Is 31656677159 a composite number?
False
Is 20031653021 a prime number?
True
Is 10474301081 a composite number?
True
Is 6480049309 a composite number?
False
Is 10996715363 a composite number?
True
Is 73463600989 a prime number?
True
Is 1245525871 a prime number?
True
Is 6044466737 composite?
False
Is 506496581 a composite number?
True
Is 310810399 prime?
True
Is 6610057873 composite?
False
Is 16825506097 a prime number?
True
Is 18410451607 composite?
False
Is 14551167137 a prime number?
False
Is 4700685593 a prime number?
False
Is 1238451897 composite?
True
Is 46726128847 a prime number?
True
Is 25244972251 prime?
True
Is 37337848091 composite?
False
Is 4889031431 a prime number?
False
Is 124971503 a composite number?
False
Is 6787041517 a composite number?
True
Is 9412234583 a prime number?
True
Is 6844097681 a prime number?
False
Is 17341132161 prime?
False
Is 108509952037 prime?
False
Is 137000628043 a composite number?
False
Is 971693509 composite?
True
Is 2165689697 composite?
True
Is 167949269133 prime?
False
Is 8923002107 prime?
True
Is 10269559178 a composite number?
True
Is 442808881 a prime number?
False
Is 810185687 prime?
True
Is 13254863 a composite number?
True
Is 82401028861 prime?
True
Is 11583600242 prime?
False
Is 160819395043 composite?
False
Is 6739726157 composite?
True
Is 523004137 a composite number?
True
Is 873020833 a composite number?
False
Is 1178537071 prime?
True
Is 813239587 prime?
True
Is 153756611 prime?
True
Is 8146647709 a prime number?
True
Is 2938267991 prime?
True
Is 4913832211 a composite number?
True
Is 544344277 prime?
False
Is 54311537167 a prime number?
True
Is 25795264927 a composite number?
True
Is 13212264223 a composite number?
True
Is 697994351 composite?
False
Is 589753259 a prime number?
True
Is 5936769785 composite?
True
Is 765225577 a prime number?
True
Is 2614602157 a composite number?
True
Is 518278601 a composite number?
False
Is 1803789887 a prime number?
True
Is 1460201531 a prime number?
False
Is 32253638401 prime?
True
Is 6205636553 composite?
True
Is 5854669199 composite?
False
Is 32361742927 composite?
False
Is 1319884121 a prime number?
False
Is 5664867361 a prime number?
True
Is 950900369 prime?
True
Is 1042770571 composite?
False
Is 38469005477 prime?
False
Is 92395155121 prime?
True
Is 19590497357 a prime number?
False
Is 640888987 prime?
False
Is 202234658903 composite?
True
Is 4417309807 a composite number?
True
Is 393188441 prime?
True
Is 30814974737 composite?
False
Is 1828518217 a prime number?
False
Is 96070898431 composite?
True
Is 19117289503 a prime number?
False
Is 478851253 composite?
True
Is 623865871 a prime number?
False
Is 115416476813 prime?
False
Is 22831501139 prime?
False
Is 543918437 a prime number?
True
Is 190432927 a prime number?
False
Is 368987131 a composite number?
False
Is 2593528565 a composite number?
True
Is 124782945119 composite?
True
Is 59321155097 composite?
False
Is 1712413013 prime?
True
Is 125381569 a prime number?
True
Is 74114263 prime?
True
Is 1039640999 a prime number?
True
Is 35353075231 a composite number?
True
Is 24696673 a composite number?
False
Is 1333573427 composite?
True
Is 8489553637 composite?
False
Is 55977822959 prime?
True
Is 9084300413 composite?
False
Is 54794384131 a prime number?
False
Is 2963902999 composite?
False
Is 3037675013 composite?
False
Is 1311879269 a composite number?
True
Is 988524289 composite?
True
Is 10544957599 prime?
False
Is 5912670979 a prime number?
True
Is 1059776803 composite?
False
Is 20181501653 a prime number?
True
Is 366428071 a composite number?
False
Is 10750472027 a prime number?
True
Is 63311022253 composite?
True
Is 24591781751 a prime number?
True
Is 465861853 composite?
False
Is 8762976233 a prime number?
False
Is 8511649463 a composite number?
True
Is 5089854709 composite?
False
Is 55698210641 prime?
True
Is 9558951139 composite?
True
Is 1814497591 a prime number?
False
Is 1458231061 a composite number?
True
Is 14920564259 a composite number?
True
Is 3011176063 a composite number?
True
Is 3117187607 a prime number?
True
Is 168325743829 composite?
True
Is 628709377 composite?
True
Is 3988997321 a prime number?
True
Is 132611105063 prime?
False
Is 6847521355 a composite number?
True
Is 385742647 composite?
False
Is 18898003129 a prime number?
True
Is 8785000943 a prime number?
False
Is 143499880241 composite?
False
Is 3826367 composite?
False
Is 62416650277 a composite number?
False
Is 6414198823 prime?
False
Is 91058309 a composite number?
True
Is 40446248077 composite?
False
Is 1616565917 prime?
False
Is 196542277 composite?
True
Is 11136170707 composite?
True
Is 13153667251 composite?
False
Is 26947115233 prime?
False
Is 8284570691 composite?
False
Is 42012064979 a composite number?
True
Is 2763506543 a prime number?
False
Is 50425569551 a prime number?
False
Is 28822049 a composite number?
False
Is 4669759151 prime?
True
Is 386149717 a prime number?
True
Is 33160057027 a composite number?
False
Is 5207712833 a prime number?
False
Is 4445405717 composite?
True
Is 12134306467 composite?
True
Is 26754812671 composite?
False
Is 27244936331 a prime number?
False
Is 2814199 a prime number?
False
Is 10739367341 composite?
False
Is 131859241 a prime number?
False
Is 27918706187 composite?
False
Is 18411433343 prime?
True
Is 100022235451 a prime number?
True
Is 6951498811 prime?
True
Is 59408777 prime?
True
Is 1050812786 a prime number?
False
Is 4055478773 composite?
False
Is 26561705831 prime?
False
Is 1694783021 a composite number?
False
Is 91462708501 a composite number?
False
Is 26403119871 composite?
True
Is 4668733763 composite?
True
Is 972264081 composite?
True
Is 1324544983 a composite number?
False
Is 48105246179 prime?
True
Is 25855700777 composite?
False
Is 6283876757 a prime number?
True
Is 86013089 a composite number?
False
Is 1085173639 a composite number?
True
Is 84490194539 a prime number?
False
Is 33636041 composite?
False
Is 5895107347 a composite number?
False
Is 11232148705 prime?
False
Is 91577124671 composite?
False
Is 616237159 prime?
True
Is 33395242151 a composite number?
F